{"id":9289,"date":"2026-01-30T12:43:58","date_gmt":"2026-01-30T09:43:58","guid":{"rendered":"https:\/\/protego.md\/?post_type=product&#038;p=9289"},"modified":"2026-02-10T11:19:31","modified_gmt":"2026-02-10T08:19:31","slug":"tufli-zashhitnye-low-black-fobia","status":"publish","type":"product","link":"https:\/\/protego.md\/ro\/product\/tufli-zashhitnye-low-black-fobia\/","title":{"rendered":"Pantofi de protectie LOW BLACK FOBIA"},"content":{"rendered":"","protected":false},"excerpt":{"rendered":"<p>\u00cenc\u0103l\u021b\u0103minte joas\u0103 METAL FREE cu v\u00e2rf din fibr\u0103 de sticl\u0103 \u0219i talp\u0103 intermediar\u0103 compozit\u0103 cu<br \/>\ngrosime constant\u0103, cu parte superioar\u0103 din piele sp\u0103l\u021bat\u0103 pentru respirabilitate \u0219i confort sporite.<br \/>\nTalp\u0103 exterioar\u0103 PU\/PU, drenant\u0103 \u00een prezen\u021ba lichidelor. Antiderapant\u0103 SRC.<br \/>\nBran\u021b interior deta\u0219abil din material EVA, cu propriet\u0103\u021bi anti-\u0219oc<br \/>\n\u0219i grosime variabil\u0103: 3 mm \u00een partea din fa\u021b\u0103 \u0219i 10 mm \u00een zona c\u0103lc\u00e2iului.<br \/>\nC\u0103ptu\u0219eal\u0103 din poliester. Antistatic.<\/p>\n<p>C\u0103ptu\u0219eal\u0103 din poliester 3D-TEX, care ofer\u0103 o ventila\u021bie \u00eembun\u0103t\u0103\u021bit\u0103 pentru picioare,<br \/>\nreduce efectul de transpira\u021bie.<\/p>\n<p>Caracteristici principale:<br \/>\n&#8211; Potrivire larg\u0103<br \/>\n&#8211; U\u0219or \u0219i flexibil datorit\u0103 poliuretanului cu celule late cu densitate dubl\u0103 \u0219i grosimii reduse a t\u0103lpii<br \/>\n&#8211; Modelul plat al benzii de rulare \u00eel face potrivit pentru medii cu teren neted<br \/>\n\u0219i terenuri neuniforme.<\/p>\n<p>Produsul a fost proiectat \u0219i fabricat \u00een conformitate cu Regulamentul<br \/>\n(UE) 2016\/425 \u0219i modific\u0103rile ulterioare.<\/p>\n","protected":false},"featured_media":9371,"template":"","meta":[],"product_brand":[],"product_cat":[75,97],"product_tag":[],"class_list":{"0":"post-9289","1":"product","2":"type-product","3":"status-publish","4":"has-post-thumbnail","6":"product_cat-footwear","7":"product_cat-summer-shoes","9":"first","10":"instock","11":"shipping-taxable","12":"purchasable","13":"product-type-variable"},"acf":[],"aioseo_notices":[],"_links":{"self":[{"href":"https:\/\/protego.md\/ro\/wp-json\/wp\/v2\/product\/9289","targetHints":{"allow":["GET"]}}],"collection":[{"href":"https:\/\/protego.md\/ro\/wp-json\/wp\/v2\/product"}],"about":[{"href":"https:\/\/protego.md\/ro\/wp-json\/wp\/v2\/types\/product"}],"wp:featuredmedia":[{"embeddable":true,"href":"https:\/\/protego.md\/ro\/wp-json\/wp\/v2\/media\/9371"}],"wp:attachment":[{"href":"https:\/\/protego.md\/ro\/wp-json\/wp\/v2\/media?parent=9289"}],"wp:term":[{"taxonomy":"product_brand","embeddable":true,"href":"https:\/\/protego.md\/ro\/wp-json\/wp\/v2\/product_brand?post=9289"},{"taxonomy":"product_cat","embeddable":true,"href":"https:\/\/protego.md\/ro\/wp-json\/wp\/v2\/product_cat?post=9289"},{"taxonomy":"product_tag","embeddable":true,"href":"https:\/\/protego.md\/ro\/wp-json\/wp\/v2\/product_tag?post=9289"}],"curies":[{"name":"wp","href":"https:\/\/api.w.org\/{rel}","templated":true}]}}

<p>Încălțăminte joasă METAL FREE cu vârf din fibră de sticlă și talpă intermediară compozită cu<br />
grosime constantă, cu parte superioară din piele spălțată pentru respirabilitate și confort sporite.<br />
Talpă exterioară PU/PU, drenantă în prezența lichidelor. Antiderapantă SRC.<br />
Branț interior detașabil din material EVA, cu proprietăți anti-șoc<br />
și grosime variabilă: 3 mm în partea din față și 10 mm în zona călcâiului.<br />
Căptușeală din poliester. Antistatic.</p>
<p>Căptușeală din poliester 3D-TEX, care oferă o ventilație îmbunătățită pentru picioare,<br />
reduce efectul de transpirație.</p>
<p>Caracteristici principale:<br />
&#8211; Potrivire largă<br />
&#8211; Ușor și flexibil datorită poliuretanului cu celule late cu densitate dublă și grosimii reduse a tălpii<br />
&#8211; Modelul plat al benzii de rulare îl face potrivit pentru medii cu teren neted<br />
și terenuri neuniforme.</p>
<p>Produsul a fost proiectat și fabricat în conformitate cu Regulamentul<br />
(UE) 2016/425 și modificările ulterioare.</p>
