{"id":8242,"date":"2025-04-08T12:05:55","date_gmt":"2025-04-08T09:05:55","guid":{"rendered":"https:\/\/protego.md\/?post_type=product&#038;p=8242"},"modified":"2025-04-08T12:08:41","modified_gmt":"2025-04-08T09:08:41","slug":"kurtka-canvas-stretch-blue","status":"publish","type":"product","link":"https:\/\/protego.md\/ro\/product\/kurtka-canvas-stretch-blue\/","title":{"rendered":"Jacheta CANVAS STRETCH BLUE"},"content":{"rendered":"","protected":false},"excerpt":{"rendered":"<p>Jachet\u0103 de lucru rezistent\u0103, cu mai multe buzunare, fabricat\u0103 din p\u00e2nz\u0103 65% poliester, 32% bumbac, 3% elastan, 280 g\/m\u00b2. \u021aes\u0103tur\u0103 contrastant\u0103 din 4-way stretch 93% poliester, 7% elastan, 260 g\/m\u00b2<br \/>\nCaracteristici principale:<br \/>\n&#8211; Intarituri Oxford Cordura\u00ae 500D pentru o durabilitate exceptionala;<br \/>\n&#8211; Cus\u0103turi cu triple cus\u0103turi de \u00eenalt\u0103 performan\u021b\u0103, cu bare pentru a le cre\u0219te rezisten\u021ba;<br \/>\n&#8211; Ergofit, croiala moderna cu maneci preformate pentru o pozitie naturala de lucru;<br \/>\n&#8211; Dou\u0103 buzunare mari tridimensionale la piept cu clap\u0103 \u0219i buton cu ap\u0103sare;<br \/>\n&#8211; Doua buzunare verticale cu fermoar, perfecte pentru telefon mobil si portofel;<br \/>\n&#8211; Dou\u0103 buzunare laterale \u00eent\u0103rite \u00een Cordura\u00ae, cu buton rapid, un buzunar interior;<br \/>\n&#8211; Intarituri de uzura Cordura\u00ae la cot;<br \/>\n&#8211; Man\u0219ete interioare elastice rezistente la v\u00e2nt \u0219i la murd\u0103rie;<br \/>\n&#8211; Suport detasabil pentru legitimatie;<br \/>\n&#8211; Etichete reflex pentru vizibilitate suplimentar\u0103 \u00een timpul desf\u0103\u0219ur\u0103rii activit\u0103\u021bilor \u00een aer liber;<br \/>\n&#8211; Fermoare rezistente;<br \/>\n&#8211; Testat pentru substan\u021be nocive conform Oeko-Tex\u00ae Standard 100;<br \/>\n&#8211; Inser\u021bii ergonomice pe laterale din material bistretch pentru a facilita mi\u0219c\u0103rile.<\/p>\n","protected":false},"featured_media":8245,"template":"","meta":[],"product_brand":[],"product_cat":[84,17],"product_tag":[],"class_list":{"0":"post-8242","1":"product","2":"type-product","3":"status-publish","4":"has-post-thumbnail","6":"product_cat-winter-work-jacket-clothing","7":"product_cat-clothing","9":"first","10":"instock","11":"shipping-taxable","12":"purchasable","13":"product-type-simple"},"acf":[],"aioseo_notices":[],"_links":{"self":[{"href":"https:\/\/protego.md\/ro\/wp-json\/wp\/v2\/product\/8242","targetHints":{"allow":["GET"]}}],"collection":[{"href":"https:\/\/protego.md\/ro\/wp-json\/wp\/v2\/product"}],"about":[{"href":"https:\/\/protego.md\/ro\/wp-json\/wp\/v2\/types\/product"}],"wp:featuredmedia":[{"embeddable":true,"href":"https:\/\/protego.md\/ro\/wp-json\/wp\/v2\/media\/8245"}],"wp:attachment":[{"href":"https:\/\/protego.md\/ro\/wp-json\/wp\/v2\/media?parent=8242"}],"wp:term":[{"taxonomy":"product_brand","embeddable":true,"href":"https:\/\/protego.md\/ro\/wp-json\/wp\/v2\/product_brand?post=8242"},{"taxonomy":"product_cat","embeddable":true,"href":"https:\/\/protego.md\/ro\/wp-json\/wp\/v2\/product_cat?post=8242"},{"taxonomy":"product_tag","embeddable":true,"href":"https:\/\/protego.md\/ro\/wp-json\/wp\/v2\/product_tag?post=8242"}],"curies":[{"name":"wp","href":"https:\/\/api.w.org\/{rel}","templated":true}]}}

<p>Jachetă de lucru rezistentă, cu mai multe buzunare, fabricată din pânză 65% poliester, 32% bumbac, 3% elastan, 280 g/m². Țesătură contrastantă din 4-way stretch 93% poliester, 7% elastan, 260 g/m²<br />
Caracteristici principale:<br />
&#8211; Intarituri Oxford Cordura® 500D pentru o durabilitate exceptionala;<br />
&#8211; Cusături cu triple cusături de înaltă performanță, cu bare pentru a le crește rezistența;<br />
&#8211; Ergofit, croiala moderna cu maneci preformate pentru o pozitie naturala de lucru;<br />
&#8211; Două buzunare mari tridimensionale la piept cu clapă și buton cu apăsare;<br />
&#8211; Doua buzunare verticale cu fermoar, perfecte pentru telefon mobil si portofel;<br />
&#8211; Două buzunare laterale întărite în Cordura®, cu buton rapid, un buzunar interior;<br />
&#8211; Intarituri de uzura Cordura® la cot;<br />
&#8211; Manșete interioare elastice rezistente la vânt și la murdărie;<br />
&#8211; Suport detasabil pentru legitimatie;<br />
&#8211; Etichete reflex pentru vizibilitate suplimentară în timpul desfășurării activităților în aer liber;<br />
&#8211; Fermoare rezistente;<br />
&#8211; Testat pentru substanțe nocive conform Oeko-Tex® Standard 100;<br />
&#8211; Inserții ergonomice pe laterale din material bistretch pentru a facilita mișcările.</p>
