{"id":6348,"date":"2023-12-15T11:44:38","date_gmt":"2023-12-15T08:44:38","guid":{"rendered":"https:\/\/protego.md\/?post_type=product&#038;p=6348"},"modified":"2024-12-13T16:40:50","modified_gmt":"2024-12-13T13:40:50","slug":"kurtka-softshell-classicvis-orange","status":"publish","type":"product","link":"https:\/\/protego.md\/ro\/product\/kurtka-softshell-classicvis-orange\/","title":{"rendered":"Scurta Softshell ClassicVis Orange"},"content":{"rendered":"","protected":false},"excerpt":{"rendered":"<p>Jachet\u0103 softshell cu glug\u0103 deta\u0219abil\u0103. Confectionat din: 94% poliester + 6% spandex cu invelis TPU, gramaj 320 g\/m2 +\/- 10g\/m2, ofera protectie excelenta impotriva vantului si ploii (coloana de apa de 3000 mm).<br \/>\nCaracteristic\u0103:<br \/>\ndungi reflectorizante pe trunchi \u0219i m\u00e2neci, pe partea din fa\u021b\u0103 \u0219i din spate a jachetei,<br \/>\nprins cu fermoar de \u00eenalt\u0103 calitate care protejeaz\u0103 \u00eempotriva v\u00e2ntului, acoperit cu o clap\u0103 cu velcro,<br \/>\nare 3 buzunare exterioare &#8211; 2 buzunare laterale mari, 1 pe piept,  toate prinse cu fermoar care protejeaz\u0103 \u00eempotriva v\u00e2ntului,<br \/>\ngluga detasabila si reglabila, fixata suplimentar cu Velcro chiar langa fermoar pentru o protectie si mai mare impotriva ploii si vantului<br \/>\nfinisat cu un guler ridicat cu material moale la interior.<br \/>\nfundul reglabil al jachetei cu un \u0219nur elastic \u0219i dopuri &#8211; v\u0103 permite s\u0103 potrivi\u021bi cu precizie jacheta la silueta dvs.,<br \/>\nm\u00e2neci reglabile cu velcro.<\/p>\n","protected":false},"featured_media":6340,"template":"","meta":[],"product_brand":[],"product_cat":[237,93,84,90,232,17],"product_tag":[],"class_list":{"0":"post-6348","1":"product","2":"type-product","3":"status-publish","4":"has-post-thumbnail","6":"product_cat-softshell","7":"product_cat-hanorac-batnik","8":"product_cat-winter-work-jacket-clothing","9":"product_cat-winter-work-jacket","10":"product_cat-svetootrazhayushhaya-odezhda","11":"product_cat-clothing","13":"first","14":"instock","15":"shipping-taxable","16":"purchasable","17":"product-type-variable"},"acf":[],"aioseo_notices":[],"_links":{"self":[{"href":"https:\/\/protego.md\/ro\/wp-json\/wp\/v2\/product\/6348","targetHints":{"allow":["GET"]}}],"collection":[{"href":"https:\/\/protego.md\/ro\/wp-json\/wp\/v2\/product"}],"about":[{"href":"https:\/\/protego.md\/ro\/wp-json\/wp\/v2\/types\/product"}],"wp:featuredmedia":[{"embeddable":true,"href":"https:\/\/protego.md\/ro\/wp-json\/wp\/v2\/media\/6340"}],"wp:attachment":[{"href":"https:\/\/protego.md\/ro\/wp-json\/wp\/v2\/media?parent=6348"}],"wp:term":[{"taxonomy":"product_brand","embeddable":true,"href":"https:\/\/protego.md\/ro\/wp-json\/wp\/v2\/product_brand?post=6348"},{"taxonomy":"product_cat","embeddable":true,"href":"https:\/\/protego.md\/ro\/wp-json\/wp\/v2\/product_cat?post=6348"},{"taxonomy":"product_tag","embeddable":true,"href":"https:\/\/protego.md\/ro\/wp-json\/wp\/v2\/product_tag?post=6348"}],"curies":[{"name":"wp","href":"https:\/\/api.w.org\/{rel}","templated":true}]}}

<p>Jachetă softshell cu glugă detașabilă. Confectionat din: 94% poliester + 6% spandex cu invelis TPU, gramaj 320 g/m2 +/- 10g/m2, ofera protectie excelenta impotriva vantului si ploii (coloana de apa de 3000 mm).<br />
Caracteristică:<br />
dungi reflectorizante pe trunchi și mâneci, pe partea din față și din spate a jachetei,<br />
prins cu fermoar de înaltă calitate care protejează împotriva vântului, acoperit cu o clapă cu velcro,<br />
are 3 buzunare exterioare &#8211; 2 buzunare laterale mari, 1 pe piept,  toate prinse cu fermoar care protejează împotriva vântului,<br />
gluga detasabila si reglabila, fixata suplimentar cu Velcro chiar langa fermoar pentru o protectie si mai mare impotriva ploii si vantului<br />
finisat cu un guler ridicat cu material moale la interior.<br />
fundul reglabil al jachetei cu un șnur elastic și dopuri &#8211; vă permite să potriviți cu precizie jacheta la silueta dvs.,<br />
mâneci reglabile cu velcro.</p>
