{"id":6064,"date":"2023-09-04T10:15:23","date_gmt":"2023-09-04T07:15:23","guid":{"rendered":"https:\/\/protego.md\/?post_type=product&#038;p=6064"},"modified":"2024-09-06T14:14:24","modified_gmt":"2024-09-06T11:14:24","slug":"kurtka-euroclasic","status":"publish","type":"product","link":"https:\/\/protego.md\/ro\/product\/kurtka-euroclasic\/","title":{"rendered":"Jacheta EUROCLASIC"},"content":{"rendered":"","protected":false},"excerpt":{"rendered":"<p>Jachet\u0103 de protec\u021bie EUROCLASSIC, cu un design excep\u021bional de atractiv \u0219i func\u021bionalitate excelent\u0103. Fabricat dintr-o \u021bes\u0103tur\u0103 foarte rezistent\u0103, cu o compozi\u021bie de 80% poliester \u0219i 20% bumbac, cu un gramaj de 270 +\/- 10 g\/m\u00b2 \u0219i o \u021bes\u0103tur\u0103 puternic\u0103 \u0219i dens\u0103.<br \/>\nDescriere:<br \/>\n&#8211; cusut profesional si estetica manopera<br \/>\n&#8211; cus\u0103turi duble \u0219i numeroase cus\u0103turi solide care \u00eent\u0103resc locurile deosebit de expuse la rupere<br \/>\n&#8211; elemente reflectorizante in fata si in spate &#8211; care sporesc siguranta utilizatorilor<br \/>\n&#8211; 6 buzunare func\u021bionale \u0219i 2 buzunare adaptate pentru \u0219urubelni\u021be, creioane sau pixuri<br \/>\n&#8211; coatele \u0219i jugul sunt \u00eent\u0103rite cu \u021bes\u0103tur\u0103 din poliester Oxford 600D, care se caracterizeaz\u0103 prin durabilitate ridicat\u0103, rezisten\u021b\u0103 la abraziune \u0219i trac\u021biune, precum \u0219i rezisten\u021b\u0103 la ap\u0103<br \/>\n&#8211; sistem comod si practic de reglare a circumferintei centurii cu elastice laterale<br \/>\n&#8211; m\u00e2neci finisate \u00een coast\u0103 extensibil\u0103<br \/>\n&#8211; frontal cu fermoar cu clap\u0103 cu \u00eenchidere cu velcro<br \/>\n&#8211; contractie foarte scazuta &#8211; chiar si dupa spalari repetate<br \/>\n&#8211; stabilitatea culorii.<\/p>\n","protected":false},"featured_media":6066,"template":"","meta":[],"product_brand":[],"product_cat":[84,17],"product_tag":[],"class_list":{"0":"post-6064","1":"product","2":"type-product","3":"status-publish","4":"has-post-thumbnail","6":"product_cat-winter-work-jacket-clothing","7":"product_cat-clothing","9":"first","10":"instock","11":"shipping-taxable","12":"purchasable","13":"product-type-variable"},"acf":[],"aioseo_notices":[],"_links":{"self":[{"href":"https:\/\/protego.md\/ro\/wp-json\/wp\/v2\/product\/6064","targetHints":{"allow":["GET"]}}],"collection":[{"href":"https:\/\/protego.md\/ro\/wp-json\/wp\/v2\/product"}],"about":[{"href":"https:\/\/protego.md\/ro\/wp-json\/wp\/v2\/types\/product"}],"wp:featuredmedia":[{"embeddable":true,"href":"https:\/\/protego.md\/ro\/wp-json\/wp\/v2\/media\/6066"}],"wp:attachment":[{"href":"https:\/\/protego.md\/ro\/wp-json\/wp\/v2\/media?parent=6064"}],"wp:term":[{"taxonomy":"product_brand","embeddable":true,"href":"https:\/\/protego.md\/ro\/wp-json\/wp\/v2\/product_brand?post=6064"},{"taxonomy":"product_cat","embeddable":true,"href":"https:\/\/protego.md\/ro\/wp-json\/wp\/v2\/product_cat?post=6064"},{"taxonomy":"product_tag","embeddable":true,"href":"https:\/\/protego.md\/ro\/wp-json\/wp\/v2\/product_tag?post=6064"}],"curies":[{"name":"wp","href":"https:\/\/api.w.org\/{rel}","templated":true}]}}

<p>Jachetă de protecție EUROCLASSIC, cu un design excepțional de atractiv și funcționalitate excelentă. Fabricat dintr-o țesătură foarte rezistentă, cu o compoziție de 80% poliester și 20% bumbac, cu un gramaj de 270 +/- 10 g/m² și o țesătură puternică și densă.<br />
Descriere:<br />
&#8211; cusut profesional si estetica manopera<br />
&#8211; cusături duble și numeroase cusături solide care întăresc locurile deosebit de expuse la rupere<br />
&#8211; elemente reflectorizante in fata si in spate &#8211; care sporesc siguranta utilizatorilor<br />
&#8211; 6 buzunare funcționale și 2 buzunare adaptate pentru șurubelnițe, creioane sau pixuri<br />
&#8211; coatele și jugul sunt întărite cu țesătură din poliester Oxford 600D, care se caracterizează prin durabilitate ridicată, rezistență la abraziune și tracțiune, precum și rezistență la apă<br />
&#8211; sistem comod si practic de reglare a circumferintei centurii cu elastice laterale<br />
&#8211; mâneci finisate în coastă extensibilă<br />
&#8211; frontal cu fermoar cu clapă cu închidere cu velcro<br />
&#8211; contractie foarte scazuta &#8211; chiar si dupa spalari repetate<br />
&#8211; stabilitatea culorii.</p>
