{"id":5373,"date":"2023-02-15T13:50:02","date_gmt":"2023-02-15T10:50:02","guid":{"rendered":"https:\/\/protego.md\/?post_type=product&#038;p=5373"},"modified":"2024-10-30T15:24:21","modified_gmt":"2024-10-30T12:24:21","slug":"kostyum-s-bryukami-profesional","status":"publish","type":"product","link":"https:\/\/protego.md\/ro\/product\/kostyum-s-bryukami-profesional\/","title":{"rendered":"\u0421ostum cu pantaloni PROFESIONAL"},"content":{"rendered":"","protected":false},"excerpt":{"rendered":"<p>Jacheta de lucru cu un design excep\u021bional de atractiv \u0219i func\u021bionalitate excelent\u0103.<\/p>\n<p>Fabricat din \u021bes\u0103tur\u0103 specializat\u0103 foarte durabil\u0103 65% poliester \u0219i 35% bumbac, cu o greutate foarte mare de 320+\/-10g\/1m2 \u0219i o \u021bes\u0103tur\u0103 puternic\u0103 \u0219i str\u00e2ns\u0103.<\/p>\n","protected":false},"featured_media":5811,"template":"","meta":[],"product_brand":[],"product_cat":[83,17],"product_tag":[],"class_list":{"0":"post-5373","1":"product","2":"type-product","3":"status-publish","4":"has-post-thumbnail","6":"product_cat-summer-clothing-2","7":"product_cat-clothing","9":"first","10":"instock","11":"shipping-taxable","12":"purchasable","13":"product-type-variable"},"acf":[],"aioseo_notices":[],"_links":{"self":[{"href":"https:\/\/protego.md\/ro\/wp-json\/wp\/v2\/product\/5373","targetHints":{"allow":["GET"]}}],"collection":[{"href":"https:\/\/protego.md\/ro\/wp-json\/wp\/v2\/product"}],"about":[{"href":"https:\/\/protego.md\/ro\/wp-json\/wp\/v2\/types\/product"}],"wp:featuredmedia":[{"embeddable":true,"href":"https:\/\/protego.md\/ro\/wp-json\/wp\/v2\/media\/5811"}],"wp:attachment":[{"href":"https:\/\/protego.md\/ro\/wp-json\/wp\/v2\/media?parent=5373"}],"wp:term":[{"taxonomy":"product_brand","embeddable":true,"href":"https:\/\/protego.md\/ro\/wp-json\/wp\/v2\/product_brand?post=5373"},{"taxonomy":"product_cat","embeddable":true,"href":"https:\/\/protego.md\/ro\/wp-json\/wp\/v2\/product_cat?post=5373"},{"taxonomy":"product_tag","embeddable":true,"href":"https:\/\/protego.md\/ro\/wp-json\/wp\/v2\/product_tag?post=5373"}],"curies":[{"name":"wp","href":"https:\/\/api.w.org\/{rel}","templated":true}]}}

Сostum cu pantaloni PROFESIONAL

<p>Jacheta de lucru cu un design excepțional de atractiv și funcționalitate excelentă.</p>
<p>Fabricat din țesătură specializată foarte durabilă 65% poliester și 35% bumbac, cu o greutate foarte mare de 320+/-10g/1m2 și o țesătură puternică și strânsă.</p>
