{"id":5360,"date":"2023-02-15T12:21:50","date_gmt":"2023-02-15T09:21:50","guid":{"rendered":"https:\/\/protego.md\/?post_type=product&#038;p=5360"},"modified":"2024-10-30T15:27:43","modified_gmt":"2024-10-30T12:27:43","slug":"kostyum-rabochij-s-bryukami-profesional-ref-grey","status":"publish","type":"product","link":"https:\/\/protego.md\/ro\/product\/kostyum-rabochij-s-bryukami-profesional-ref-grey\/","title":{"rendered":"Costum de lucru cu pantaloni PROFESIONAL REF GREY"},"content":{"rendered":"","protected":false},"excerpt":{"rendered":"<p>Costum de protec\u021bie PROFESSIONAL-REF cu un design excep\u021bional de atractiv \u0219i func\u021bionalitate excelent\u0103. Fabricat dintr-o \u021bes\u0103tur\u0103 CANVAS foarte rezistent\u0103, compus\u0103 din 65% poliester \u0219i 35% bumbac, cu o greutate de 270 g\/m2 (+\/- 10g\/m2) \u0219i o \u021bes\u0103tur\u0103 puternic\u0103, str\u00e2ns\u0103.<\/p>\n","protected":false},"featured_media":5790,"template":"","meta":[],"product_brand":[],"product_cat":[83,17],"product_tag":[],"class_list":{"0":"post-5360","1":"product","2":"type-product","3":"status-publish","4":"has-post-thumbnail","6":"product_cat-summer-clothing-2","7":"product_cat-clothing","9":"first","10":"instock","11":"shipping-taxable","12":"purchasable","13":"product-type-variable"},"acf":[],"aioseo_notices":[],"_links":{"self":[{"href":"https:\/\/protego.md\/ro\/wp-json\/wp\/v2\/product\/5360","targetHints":{"allow":["GET"]}}],"collection":[{"href":"https:\/\/protego.md\/ro\/wp-json\/wp\/v2\/product"}],"about":[{"href":"https:\/\/protego.md\/ro\/wp-json\/wp\/v2\/types\/product"}],"wp:featuredmedia":[{"embeddable":true,"href":"https:\/\/protego.md\/ro\/wp-json\/wp\/v2\/media\/5790"}],"wp:attachment":[{"href":"https:\/\/protego.md\/ro\/wp-json\/wp\/v2\/media?parent=5360"}],"wp:term":[{"taxonomy":"product_brand","embeddable":true,"href":"https:\/\/protego.md\/ro\/wp-json\/wp\/v2\/product_brand?post=5360"},{"taxonomy":"product_cat","embeddable":true,"href":"https:\/\/protego.md\/ro\/wp-json\/wp\/v2\/product_cat?post=5360"},{"taxonomy":"product_tag","embeddable":true,"href":"https:\/\/protego.md\/ro\/wp-json\/wp\/v2\/product_tag?post=5360"}],"curies":[{"name":"wp","href":"https:\/\/api.w.org\/{rel}","templated":true}]}}

<p>Costum de protecție PROFESSIONAL-REF cu un design excepțional de atractiv și funcționalitate excelentă. Fabricat dintr-o țesătură CANVAS foarte rezistentă, compusă din 65% poliester și 35% bumbac, cu o greutate de 270 g/m2 (+/- 10g/m2) și o țesătură puternică, strânsă.</p>
