{"id":2643,"date":"2021-05-13T12:44:09","date_gmt":"2021-05-13T09:44:09","guid":{"rendered":"https:\/\/protego.md\/?post_type=product&#038;p=2643"},"modified":"2023-02-14T14:20:24","modified_gmt":"2023-02-14T11:20:24","slug":"kostyum-s-polukombinezonom-combi-tsvet-t-sinij","status":"publish","type":"product","link":"https:\/\/protego.md\/ro\/product\/kostyum-s-polukombinezonom-combi-tsvet-t-sinij\/","title":{"rendered":"Costum \u0441u semisalopeta COMBI albastru inchis rosu(la comanda)"},"content":{"rendered":"<p>Costumul de lucru &#8220;COMBI&#8221; este un costum de protec\u021bie \u00eempotriva tuturor pericolelor prezente la locul de munca. Recomand\u0103m acest costum pentru protec\u021bia dvs. atunci c\u00e2nd efectua\u021bi lucr\u0103ri de construc\u021bie, repara\u021bii, montaj, pentru a lucra \u00eentr-un depozit, pe un teren personal \u0219i la vila, pentru odihn\u0103 activ\u0103.<\/p>\n<p>Are caracteristici ergonomice excelente, realizate din material textil durabil \u0219i dens,<br \/>\namestec 50% din bumbac \u0219i 50% din poliester.<\/p>\n<p>Acest produs este alc\u0103tuit dintr-ojachet\u0103 \u0219i semisalopeta.\u00a0\u00a0Jachetul de model scurtat cu sistem de inchidere pe\u00a0 fermoar , cu m\u00e2neci \u00eencastrate \u0219i cu gulerul \u00een jos.Jacheta are 2 buzunare latarale si 2 buzunare in regiunea pieptului. Semisalopeta pe curele cu band\u0103 elastic\u0103, fixat\u0103 pe carabine de \u00eenalt\u0103 calitate , cu elastic la cordon. Pe pieptul semisalopetei este aplicat un buzunar larg. Semisalopeta are 2 buznare laterale multifunctionale<\/p>\n<p>Culoarea: albastru inchis\/ rosu<\/p>\n<p>Tesatura combinata: 50%bumbac 50%poliester<\/p>","protected":false},"excerpt":{"rendered":"<p>Costumul de lucru &#8220;COMBI&#8221; este un costum de protec\u021bie \u00eempotriva tuturor pericolelor prezente la locul de munca. Recomand\u0103m acest costum pentru protec\u021bia dvs. atunci c\u00e2nd efectua\u021bi lucr\u0103ri de construc\u021bie, repara\u021bii, montaj, pentru a lucra \u00eentr-un depozit, pe un teren personal \u0219i la vila, pentru odihn\u0103 activ\u0103. Are caracteristici ergonomice excelente, realizate din material textil durabil [&hellip;]<\/p>\n","protected":false},"featured_media":2644,"template":"","meta":[],"product_brand":[],"product_cat":[83,17],"product_tag":[],"class_list":{"0":"post-2643","1":"product","2":"type-product","3":"status-publish","4":"has-post-thumbnail","6":"product_cat-summer-clothing-2","7":"product_cat-clothing","9":"first","10":"instock","11":"shipping-taxable","12":"purchasable","13":"product-type-simple"},"acf":[],"aioseo_notices":[],"_links":{"self":[{"href":"https:\/\/protego.md\/ro\/wp-json\/wp\/v2\/product\/2643","targetHints":{"allow":["GET"]}}],"collection":[{"href":"https:\/\/protego.md\/ro\/wp-json\/wp\/v2\/product"}],"about":[{"href":"https:\/\/protego.md\/ro\/wp-json\/wp\/v2\/types\/product"}],"wp:featuredmedia":[{"embeddable":true,"href":"https:\/\/protego.md\/ro\/wp-json\/wp\/v2\/media\/2644"}],"wp:attachment":[{"href":"https:\/\/protego.md\/ro\/wp-json\/wp\/v2\/media?parent=2643"}],"wp:term":[{"taxonomy":"product_brand","embeddable":true,"href":"https:\/\/protego.md\/ro\/wp-json\/wp\/v2\/product_brand?post=2643"},{"taxonomy":"product_cat","embeddable":true,"href":"https:\/\/protego.md\/ro\/wp-json\/wp\/v2\/product_cat?post=2643"},{"taxonomy":"product_tag","embeddable":true,"href":"https:\/\/protego.md\/ro\/wp-json\/wp\/v2\/product_tag?post=2643"}],"curies":[{"name":"wp","href":"https:\/\/api.w.org\/{rel}","templated":true}]}}

Costum сu semisalopeta COMBI albastru inchis rosu(la comanda)

<p>Costumul de lucru &#8220;COMBI&#8221; este un costum de protecție împotriva tuturor pericolelor prezente la locul de munca. Recomandăm acest costum pentru protecția dvs. atunci când efectuați lucrări de construcție, reparații, montaj, pentru a lucra într-un depozit, pe un teren personal și la vila, pentru odihnă activă.</p>
<p>Are caracteristici ergonomice excelente, realizate din material textil durabil și dens,<br />
amestec 50% din bumbac și 50% din poliester.</p>
<p>Acest produs este alcătuit dintr-ojachetă și semisalopeta.  Jachetul de model scurtat cu sistem de inchidere pe  fermoar , cu mâneci încastrate și cu gulerul în jos.Jacheta are 2 buzunare latarale si 2 buzunare in regiunea pieptului. Semisalopeta pe curele cu bandă elastică, fixată pe carabine de înaltă calitate , cu elastic la cordon. Pe pieptul semisalopetei este aplicat un buzunar larg. Semisalopeta are 2 buznare laterale multifunctionale</p>
<p>Culoarea: albastru inchis/ rosu</p>
<p>Tesatura combinata: 50%bumbac 50%poliester</p>

<p>Costumul de lucru &#8220;COMBI&#8221; este un costum de protecție împotriva tuturor pericolelor prezente la locul de munca. Recomandăm acest costum pentru protecția dvs. atunci când efectuați lucrări de construcție, reparații, montaj, pentru a lucra într-un depozit, pe un teren personal și la vila, pentru odihnă activă. Are caracteristici ergonomice excelente, realizate din material textil durabil [&hellip;]</p>
