{"id":2297,"date":"2021-05-12T13:43:03","date_gmt":"2021-05-12T10:43:03","guid":{"rendered":"https:\/\/protego.md\/?post_type=product&#038;p=2297"},"modified":"2023-06-26T15:16:29","modified_gmt":"2023-06-26T12:16:29","slug":"polukombinezon-master-profesional","status":"publish","type":"product","link":"https:\/\/protego.md\/ro\/product\/polukombinezon-master-profesional\/","title":{"rendered":"Semisalopeta Master-Profesional"},"content":{"rendered":"<p>Semi salopeta MASTER PROFESIONAL CU UN EXCEP\u021aIONAL DESIGN ATRACTIV \u0218I O EXCELENTA FUNC\u021aIONALITATE. F\u0102CUT DIN \u021aES\u0102TUR\u0102 SPECIALIZATA, FOARTE DENSA 65% \u0218I 35% BUMBAC 320 +\/- 10 grame \/ 1m2.<br \/>\nCaracteristici:<br \/>\n&#8211; cusutul profesional \u0219i manopera estetic\u0103<br \/>\n&#8211; cus\u0103turi triple \u0219i duble \u0219i multe \u0219uruburi solide care consolideaz\u0103 suplimentar locurile expuse la rupere<br \/>\n&#8211; 6 buzunare \u0219i buzunar suplimentar \u00eent\u0103rit pentru regula de pliere<br \/>\n&#8211; \u00eent\u0103rire pe buzunarele din spate<br \/>\n&#8211; 2 buzunare cusute pentru genunchi care permit aplicarea genunchiurilor schimbabile<br \/>\n&#8211; bretele late cu cauciuc dens \u0219i catarame solide<br \/>\n&#8211; sistem confortabil \u0219i practic de reglare a m\u0103rimii taliei<br \/>\n&#8211; contrac\u021bie foarte sc\u0103zut\u0103, chiar \u0219i dup\u0103 sp\u0103larea repetat\u0103<br \/>\n&#8211; stabilitatea culorii<br \/>\n&#8211; culori: o\u021bel + negru + portocaliu<\/p>","protected":false},"excerpt":{"rendered":"<p>Semi salopeta MASTER PROFESIONAL CU UN EXCEP\u021aIONAL DESIGN ATRACTIV \u0218I O EXCELENTA FUNC\u021aIONALITATE. F\u0102CUT DIN \u021aES\u0102TUR\u0102 SPECIALIZATA, FOARTE DENSA 65% \u0218I 35% BUMBAC 320 +\/- 10 grame \/ 1m2.<br \/>\nCaracteristici:<br \/>\n&#8211; cusutul profesional \u0219i manopera estetic\u0103<br \/>\n&#8211; cus\u0103turi triple \u0219i duble \u0219i multe \u0219uruburi solide care consolideaz\u0103 suplimentar locurile expuse la rupere<br \/>\n&#8211; 6 buzunare \u0219i buzunar suplimentar \u00eent\u0103rit pentru regula de pliere<br \/>\n&#8211; \u00eent\u0103rire pe buzunarele din spate<br \/>\n&#8211; 2 buzunare cusute pentru genunchi care permit aplicarea genunchiurilor schimbabile<br \/>\n&#8211; bretele late cu cauciuc dens \u0219i catarame solide<br \/>\n&#8211; sistem confortabil \u0219i practic de reglare a m\u0103rimii taliei<br \/>\n&#8211; contrac\u021bie foarte sc\u0103zut\u0103, chiar \u0219i dup\u0103 sp\u0103larea repetat\u0103<br \/>\n&#8211; stabilitatea culorii<br \/>\n&#8211; culori: o\u021bel + negru + portocaliu<\/p>\n","protected":false},"featured_media":4354,"template":"","meta":[],"product_brand":[],"product_cat":[85,17],"product_tag":[],"class_list":{"0":"post-2297","1":"product","2":"type-product","3":"status-publish","4":"has-post-thumbnail","6":"product_cat-winter-overalls-summer","7":"product_cat-clothing","9":"first","10":"instock","11":"shipping-taxable","12":"purchasable","13":"product-type-variable"},"acf":[],"aioseo_notices":[],"_links":{"self":[{"href":"https:\/\/protego.md\/ro\/wp-json\/wp\/v2\/product\/2297","targetHints":{"allow":["GET"]}}],"collection":[{"href":"https:\/\/protego.md\/ro\/wp-json\/wp\/v2\/product"}],"about":[{"href":"https:\/\/protego.md\/ro\/wp-json\/wp\/v2\/types\/product"}],"wp:featuredmedia":[{"embeddable":true,"href":"https:\/\/protego.md\/ro\/wp-json\/wp\/v2\/media\/4354"}],"wp:attachment":[{"href":"https:\/\/protego.md\/ro\/wp-json\/wp\/v2\/media?parent=2297"}],"wp:term":[{"taxonomy":"product_brand","embeddable":true,"href":"https:\/\/protego.md\/ro\/wp-json\/wp\/v2\/product_brand?post=2297"},{"taxonomy":"product_cat","embeddable":true,"href":"https:\/\/protego.md\/ro\/wp-json\/wp\/v2\/product_cat?post=2297"},{"taxonomy":"product_tag","embeddable":true,"href":"https:\/\/protego.md\/ro\/wp-json\/wp\/v2\/product_tag?post=2297"}],"curies":[{"name":"wp","href":"https:\/\/api.w.org\/{rel}","templated":true}]}}

<p>Semi salopeta MASTER PROFESIONAL CU UN EXCEPȚIONAL DESIGN ATRACTIV ȘI O EXCELENTA FUNCȚIONALITATE. FĂCUT DIN ȚESĂTURĂ SPECIALIZATA, FOARTE DENSA 65% ȘI 35% BUMBAC 320 +/- 10 grame / 1m2.<br />
Caracteristici:<br />
&#8211; cusutul profesional și manopera estetică<br />
&#8211; cusături triple și duble și multe șuruburi solide care consolidează suplimentar locurile expuse la rupere<br />
&#8211; 6 buzunare și buzunar suplimentar întărit pentru regula de pliere<br />
&#8211; întărire pe buzunarele din spate<br />
&#8211; 2 buzunare cusute pentru genunchi care permit aplicarea genunchiurilor schimbabile<br />
&#8211; bretele late cu cauciuc dens și catarame solide<br />
&#8211; sistem confortabil și practic de reglare a mărimii taliei<br />
&#8211; contracție foarte scăzută, chiar și după spălarea repetată<br />
&#8211; stabilitatea culorii<br />
&#8211; culori: oțel + negru + portocaliu</p>
