{"id":2293,"date":"2022-02-18T00:00:35","date_gmt":"2022-02-17T21:00:35","guid":{"rendered":"https:\/\/protego.md\/?post_type=product&#038;p=2293"},"modified":"2025-08-07T12:14:02","modified_gmt":"2025-08-07T09:14:02","slug":"polubotinki-rabochie-airvent-s1-s-metalicheskim-noskom","status":"publish","type":"product","link":"https:\/\/protego.md\/ro\/product\/polubotinki-rabochie-airvent-s1-s-metalicheskim-noskom\/","title":{"rendered":"Pantofi de lucru AIRVENT cu bombeu metalic"},"content":{"rendered":"<p>\u00cenc\u0103l\u021b\u0103minte de siguran\u021b\u0103 cu un design modern atractiv. Puntea din o\u021bel (SB)<br \/>\nUn v\u00e2rf din o\u021bel protejeaz\u0103 degetele purt\u0103torului de \u0219ocuri cu o energie de 200 +\/- 4 J<br \/>\n\u0219i \u00eenainte de a fi stors sub o for\u021b\u0103 de compresie de 15 +\/- 0,1 kN.<br \/>\n-partea superioar\u0103 confec\u021bionat\u0103 din material elastic KPU cu uscare rapid\u0103,<br \/>\n-carcas\u0103 din plastic ajurat\u0103 care acoper\u0103 partea superioar\u0103, rezistent\u0103 la abraziune \u0219i<br \/>\nmurd\u0103rie<br \/>\n-armare suplimentar\u0103 din cauza deterior\u0103rii degetului de la picior \u0219i a c\u0103lc\u00e2iului,<br \/>\npantofi cu cordon,<br \/>\n-limba \u0219i gulerul c\u0103ptu\u0219ite sporesc confortul de utilizare,<br \/>\n&#8211; Talp\u0103 poliuretanic\u0103 cu injec\u021bie direct\u0103<br \/>\n&#8211; rezisten\u021b\u0103 la alunecare SRC (podea ceramic\u0103 cu NaLS (SRA),<br \/>\n&#8211; podea de o\u021bel cu glicerin\u0103 &#8211; SRB),<br \/>\n&#8211; rezisten\u021b\u0103 la p\u0103cur\u0103 (FO),<br \/>\n&#8211; rigiditate suplimentar\u0103 \u00een c\u0103lc\u00e2i.<\/p>","protected":false},"excerpt":{"rendered":"<p>\u00cenc\u0103l\u021b\u0103minte de siguran\u021b\u0103 cu un design modern atractiv. Puntea din o\u021bel (SB)<br \/>\nUn v\u00e2rf din o\u021bel protejeaz\u0103 degetele purt\u0103torului de \u0219ocuri cu o energie de 200 +\/- 4 J<br \/>\n\u0219i \u00eenainte de a fi stors sub o for\u021b\u0103 de compresie de 15 +\/- 0,1 kN.<\/p>\n","protected":false},"featured_media":5813,"template":"","meta":[],"product_brand":[],"product_cat":[75,97],"product_tag":[],"class_list":{"0":"post-2293","1":"product","2":"type-product","3":"status-publish","4":"has-post-thumbnail","6":"product_cat-footwear","7":"product_cat-summer-shoes","9":"first","10":"instock","11":"shipping-taxable","12":"purchasable","13":"product-type-variable"},"acf":[],"aioseo_notices":[],"_links":{"self":[{"href":"https:\/\/protego.md\/ro\/wp-json\/wp\/v2\/product\/2293","targetHints":{"allow":["GET"]}}],"collection":[{"href":"https:\/\/protego.md\/ro\/wp-json\/wp\/v2\/product"}],"about":[{"href":"https:\/\/protego.md\/ro\/wp-json\/wp\/v2\/types\/product"}],"wp:featuredmedia":[{"embeddable":true,"href":"https:\/\/protego.md\/ro\/wp-json\/wp\/v2\/media\/5813"}],"wp:attachment":[{"href":"https:\/\/protego.md\/ro\/wp-json\/wp\/v2\/media?parent=2293"}],"wp:term":[{"taxonomy":"product_brand","embeddable":true,"href":"https:\/\/protego.md\/ro\/wp-json\/wp\/v2\/product_brand?post=2293"},{"taxonomy":"product_cat","embeddable":true,"href":"https:\/\/protego.md\/ro\/wp-json\/wp\/v2\/product_cat?post=2293"},{"taxonomy":"product_tag","embeddable":true,"href":"https:\/\/protego.md\/ro\/wp-json\/wp\/v2\/product_tag?post=2293"}],"curies":[{"name":"wp","href":"https:\/\/api.w.org\/{rel}","templated":true}]}}

<p>Încălțăminte de siguranță cu un design modern atractiv. Puntea din oțel (SB)<br />
Un vârf din oțel protejează degetele purtătorului de șocuri cu o energie de 200 +/- 4 J<br />
și înainte de a fi stors sub o forță de compresie de 15 +/- 0,1 kN.<br />
-partea superioară confecționată din material elastic KPU cu uscare rapidă,<br />
-carcasă din plastic ajurată care acoperă partea superioară, rezistentă la abraziune și<br />
murdărie<br />
-armare suplimentară din cauza deteriorării degetului de la picior și a călcâiului,<br />
pantofi cu cordon,<br />
-limba și gulerul căptușite sporesc confortul de utilizare,<br />
&#8211; Talpă poliuretanică cu injecție directă<br />
&#8211; rezistență la alunecare SRC (podea ceramică cu NaLS (SRA),<br />
&#8211; podea de oțel cu glicerină &#8211; SRB),<br />
&#8211; rezistență la păcură (FO),<br />
&#8211; rigiditate suplimentară în călcâi.</p>

<p>Încălțăminte de siguranță cu un design modern atractiv. Puntea din oțel (SB)<br />
Un vârf din oțel protejează degetele purtătorului de șocuri cu o energie de 200 +/- 4 J<br />
și înainte de a fi stors sub o forță de compresie de 15 +/- 0,1 kN.</p>
